- 0*t - 33. Let i(m) = -17*m + 5*m**2 + 7*m + 4639 - 4*m**2 + 4656 + 0*m**2 - 9308. Calculate i(t).
-2
Let h = -91 - -95. Let o be (-1 + h)/(9/(-153)). Let k = o - -47. Let c(r) = 2*r - 2. What is c(k)?
-10
Let f(h) = -8*h**2 + h. Suppose g - 3*m + 426 = 0, 1303 - 39 = -3*g - 5*m. Let n = 422 + g. Determine f(n).
-9
Let d(y) = y**3 - 5*y**2 - 2*y + 2. Let v = 24 + -19. Let l be d(v). Let s be (-7)/(-1) + l/2. Let p(i) = -i**3 + 2*i**2 - 2*i + 1. What is p(s)?
-14
Suppose 0 = -2*m + 47 - 21. Let o(d) = d**2 - 15*d + 30. Let h be o(m). Let b(u) = u + 1. What is b(h)?
5
Let j(v) = -4 - v**2 - 2*v + 0*v + 0*v**2. Suppose -19*k + 35*k = 19*k. Determine j(k).
-4
Let h(m) = -3*m**3 + 2*m**2 + m + 1. Let r(f) = 25*f**3 - 19*f**2 - 10*f - 18. Let d(n) = 8*h(n) + r(n). Give d(5).
30
Let g(r) = 3065991*r**2 - 8*r - r**3 - r + 11 - 3065982*r**2. Suppose -2*o - o - z + 24 = 0, -3*o + 24 = -2*z. Determine g(o).
3
Let y(g) = -8*g**2 - 6*g + 11. Let z(j) = -4*j**2 - 3*j + 5. Let c(f) = -6*y(f) + 13*z(f). Let o be ((-10)/(-20)*-18)/1 - -7. Calculate c(o).
-11
Let s(j) = -j - 4. Let o be ((-67)/(-2))/(1/2). Suppose -653*i + 611*i - 2940 = 0. Let q = o + i. Determine s(q).
-1
Let m(n) = -n**2 - n - 5. Suppose -100*t + 4328 = 528. Suppose 5*r - d = -188, -2*r - 160 = 2*r + 4*d. Let i = t + r. Determine m(i).
-5
Let y(c) be the second derivative of -c**5/20 - 2*c**4/3 + 7*c**3/3 + 4*c**2 - 2*c - 156. What is y(-9)?
-37
Let q(w) be the second derivative of -8*w**2 - 1/20*w**5 + 5/2*w**3 + 34*w + 0 + 13/12*w**4. What is q(14)?
-2
Suppose -2455 = -4*r + 4*q - 2503, 5*r + 4*q + 123 = 0. Let y(p) = p**2 + 22*p - 3. What is y(r)?
-60
Let v(j) = -11*j**3 + 5*j**2 - 21*j + 21. Let p be (20/12)/((-4)/12). Let n(y) = 7*y**3 - 4*y**2 + 14*y - 14. Let b(q) = p*v(q) - 8*n(q). Calculate b(6).
1
Suppose 6*t = -6*t. Let q be (t + 0)/((-3)/(3/(-4))). Let r(d) = -d + 6. Determine r(q).
6
Let s(l) = -l - 18. Suppose k = t - 7 - 17, -3*k - 4*t - 37 = 0. Let d be s(k). Let q(h) = 153*h**2 - 147*h**2 - 3 + h - 2*h + d - h**3. Give q(5).
18
Let k be 13/(117/90) - 4/2. Let p(a) = 1 - 4*a - 3*a + a + k*a - a. Give p(-6).
-5
Let d be (2 - -2)*2/(-2) + 1. Let v(p) = 2*p**2 - 6*p - 4. Let l = 28 - 24. Let o(t) = 3*t**2 - 6*t - 4. Let x(r) = l*v(r) - 3*o(r). What is x(d)?
5
Let z(a) = 21*a + 843. Let i(c) = 2*c + 84. Let k(s) = -10*i(s) + z(s). Let x = 3 + -9. Give k(x).
-3
Let l(h) be the second derivative of -7*h**5/4 - h**4/4 - 5*h**3/6 - 3*h**2/2 + 4*h + 1125. Calculate l(-1).
34
Let j(t) be the third derivative of t**8/20160 - 11*t**6/720 - 17*t**5/20 + 248*t**2. Let y(u) be the third derivative of j(u). Give y(0).
-11
Let c(u) = -7*u**3 - u**2 + 2. Let v be ((-51)/6 + 0 + 6)*(-4)/(-10). Give c(v).
8
Let a(g) = g**3 + 3*g**2 - 8*g - 9. Let r be a(-4). Let f = -12 + r. Let x(s) = 2 + 6*s + 0 + 2 - 8 + 8. Calculate x(f).
-26
Let d = -17 - -11. Let y(f) be the second derivative of -3/2*f**2 + 0 + 1/2*f**3 + 34*f + 1/20*f**5 + 1/2*f**4. What is y(d)?
-21
Let x(a) = -112*a**2 - 2137 + 7*a + 110*a**2 + 2138. Let v(b) = -b**3 + 5*b**2 + 4*b + 3. Let m be v(6). Let l = -4 - m. Determine x(l).
-14
Suppose 0 = 4*x + o - 20, -5 = -x - o - o. Suppose -4 = -z + x*z. Let r(t) = -t + 1. Let c be r(z). Let f(y) = -3*y**2 - y + 2. Determine f(c).
-12
Let p(i) = 16*i + 11. Let a be p(-3). Let y = a + 49. Suppose -4*g - y = 5*k - 41, 2*g - 3*k = 9. Let o(d) = d**2 - 2*d. Give o(g).
24
Suppose -p - p + 76 = 3*r, p - 51 = -2*r. Let z(q) = -16*q - 11*q + r*q. Give z(0).
0
Suppose -139*q + 133*q = -18. Let t(k) = -3*k**2 + 8*k - 4. Let i be t(q). Let j(a) = a + 9. Give j(i).
2
Suppose -4*m = s - 15, 20 = 5*m - m. Let z(n) = n**2 + 7*n + 12. Let h be z(s). Let g(j) = j - 3 + 10*j**h + 0*j + 2. Determine g(1).
10
Let r(w) = -9*w - 9. Let h be 4 - (-15 + 17 + 5). Calculate r(h).
18
Let u(l) = -l**2 - 3*l + 2. Let j(p) = -2*p**2 - 3*p + 2. Let v(r) = -3*j(r) + 2*u(r). Let z(k) = -k**2 - 165*k - 1839. Let x be z(-12). Calculate v(x).
25
Let r(z) = -49*z**2 + 90*z**2 - 42*z**2 - 11*z + 27. Let v be r(-13). Let y(m) = -27*m**2 + 1. What is y(v)?
-26
Suppose 3*j - 3 = 0, -g - 5*j + 1 = -12. Let q(l) = -l**2 + 12*l - 33. Let o be q(g). Let y(f) = -8*f**2 - 1. Calculate y(o).
-9
Suppose 2*r = -4 + 2. Let a(n) be the third derivative of -n**4/24 - 5*n**3/6 - n**2 - 59535. What is a(r)?
-4
Let z(n) = n**3 - 4*n**2 - 6*n + 2. Suppose 5 = 2*k + 4*u - 15, -4*u = -16. Suppose -b + 3 = k*b. Suppose -2*j - 3*l + 7 = -0, -j - 4*l = -b. Calculate z(j).
-3
Let j(u) = 10*u + 29318*u**2 - 14649*u**2 + 14 - 14658*u**2 - u**3. What is j(12)?
-10
Suppose -25*w = -3744 + 3444. Let r(c) = -c**3 + 12*c**2 - 6*c + 84. Determine r(w).
12
Let w(g) = -47*g - 411. Let b be w(-9). Let x(m) = -m**2 + 14*m - 25. What is x(b)?
-1
Let y(s) = -14*s**2 + 120*s + 29. Let a(t) = -15*t**2 + 127*t + 29. Let l(m) = 15*a(m) - 16*y(m). Calculate l(-11).
15
Let s(u) be the first derivative of u**5/30 + u**4/8 + u**3/2 - u**2 + 30*u - 69. Let y(m) be the second derivative of s(m). Determine y(-4).
23
Suppose d - 4*d - 19 = -2*q, 4*q + 3*d = 47. Let l(m) = m + 3 - q - 6. Let w = -9665 + 9672. Determine l(w).
-7
Let t(n) = -n - 18. Let d(z) = -23*z + 23. Let k(f) = 2*f**3 + 14*f**2 + 24*f + 1. Let m be k(-4). Let v be d(m). What is t(v)?
-18
Let s(i) = 11*i**3 + 14*i**2 + 7*i - 15. Let c(f) = -3*f**3 - 3*f**2 - 2*f + 3. Let b(m) = -9*c(m) - 2*s(m). What is b(-2)?
-49
Let i(j) be the second derivative of 25*j**3/6 - 9*j**2 - 1236*j. Give i(4).
82
Suppose 13 = 5*s + 18. Let c be (19/(-2) - s) + 19/(-38). Let z(x) = -x - 7. Give z(c).
2
Let s(g) = -103 - 29*g + 81*g - 28*g - 28*g. Determine s(-25).
-3
Let u = -7147 - -7139. Let a(b) = 27 + b - 1 - 11. What is a(u)?
7
Suppose 54 = -16*b + 14*b. Let i = b - -28. Suppose 3 = u + i. Let l(j) = -j**3 + 3*j**2 - 3*j + 2. Give l(u).
0
Let k(m) = -19 + 65 + 12*m**2 + 19 + 3*m + 5*m - 13*m**2. Calculate k(12).
17
Suppose 44 = -5*o + 54. Suppose 0 = 2*u + o*j - 1 - 7, -4*j = -4*u. Let a(t) = -u*t - 5*t + 6 - 23*t**2 + 22*t**2. Calculate a(-6).
12
Let y(s) = 388*s - 771*s + 14 + 384*s. Determine y(-24).
-10
Let j(p) be the first derivative of -p**3/3 - 5*p**2 - 5*p - 1. Let q be 4 - (13 + (-11)/132*0). What is j(q)?
4
Let b(v) = 7*v**2 + 2*v**3 + 8*v - v**3 - 9*v - 9*v**2 - 3*v**2 + 1. Let q(l) = l**3 + 7*l**2 - 2*l - 10. Let n be q(-7). Determine b(n).
-19
Let q(f) = -20*f + 4 + 38*f - 63 - 33*f. Determine q(-4).
1
Let u(i) = -i**3 + 7*i**2 - 5*i - 4. Let w = 8 + 88. Suppose -8*v + 144 = w. Determine u(v).
2
Let c(z) be the second derivative of -17*z**3/2 + 297*z**2/2 - 2087*z - 1. Determine c(6).
-9
Let s(g) be the third derivative of -g**5/60 + 7*g**4/8 + 11*g**3/3 - 920*g**2. Calculate s(22).
0
Let z(i) = -22*i - 964. Let r be z(-45). Let a(v) = 3*v - 77. What is a(r)?
1
Let q(o) = 180681*o - 90335*o - 90339*o - 182. What is q(25)?
-7
Let x(p) = -11*p + 4. Let t(q) = -12*q + 5. Let v(z) = -4*t(z) + 5*x(z). Suppose 4*y = 4*m + 16, 0 = -5*m + 3*y - 0 - 10. Suppose 5*f - m = 4*f. Calculate v(f).
-7
Let s be 4/6*60/8. Suppose -288 = -5*p - 31*p. Let r(x) = -5 + p*x**2 - 6*x**2 + 5*x**2 - 7*x - 6*x**2. What is r(s)?
-15
Let r(k) be the second derivative of -k**4/3 + 2*k**3/3 + 17*k**2/2 - 4186*k. Calculate r(-2).
-7
Let u be 10/4*-2 - (-24)/(-8). Let t be 2/(4*1/u). Let h(a) = a**3 + 5*a**2 + 4*a. Calculate h(t).
0
Suppose -15*w - 254 + 172 = -157. Let b(k) = 44*k - 226. Calculate b(w).
-6
Let s(u) = -u + 7. Suppose 62 = 6*h + 50. Let c(r) = 3*r - 23. Let d(x) = h*c(x) + 7*s(x). Calculate d(9).
-6
Let m = 11407 + -11405. Let a(q) = 15*q**3 + 2*q**2 - 2*q - 1. Calculate a(m).
123
Let s(a) = -5*a + 6. Suppose 3*i = 4*w - 3, 4*w + 3*i = 7*w - 6. Let m(t) = -t + 1. Let j(c) = w*m(c) + s(c). Calculate j(8).
-13
Let w(c) = -6*c + 4 + 5*c**2 - 2*c**2 - 4*c**2. Suppose -133 - 116 = 71*v - 36. Calculate w(v).
13
Let u(n) be the third derivative of -27*n**4/8 - 23*n**3/2 + 4774*n**2. Determine u(-1).
12
Let a(y) = -2*y - 6. Suppose 4*w - 13 = 3. Let o(k) = 7*k - w*k + 5 + k - 2*k. Let f(g) = -5*a(g) - 6*o(g). Give f(3).
-6
Let q(s) = 7*s**3 + s. Let u = 25 + -27. Let g be (u/3)/(6/(-27)). Let x be (g + -1 + -1)*-1. Determine q(x).
-8
Let x(d) = -7*d**2 - d**3 + 6*d + 5*d**3 + 2 + 5 - 3*d**3. Let z(s) = -s**3 + 14*s**2 + 33*s - 11.